2*c**2 - c + 1. Calculate the remainder when (2/6)/(18/432) is divided by x(1).
0
Suppose 3*f + 45 = -33. Let o = f - -40. Suppose -2*r + o = -0*r. Calculate the remainder when 13 is divided by r.
6
Let q = 47 + -34. Calculate the remainder when 56 is divided by q.
4
Suppose 2*j = -2*j + 204. Suppose -4*y - l + 2*l = -29, 2*y + 3*l + 3 = 0. Calculate the remainder when j/5 + (-2)/10 is divided by y.
4
Let y(k) = -k**3 - 7*k**2 - 8*k - 8. Suppose 0 = r + 2, -2*r + r = -4*p + 2. Calculate the remainder when y(-6) is divided by p/2 - (1 + -4).
1
Let g be (-3 - -2)*3*-18. Suppose -l = 5*t - 6, -l - t + g = 4*l. Let u = l - 3. What is the remainder when u is divided by 3?
2
Suppose m - 19 = -3*p, 2*m + p - 42 = -4*p. Calculate the remainder when m is divided by 8.
7
Let v(p) be the third derivative of -p**4/8 + 11*p**3/6 - 2*p**2. Let k(j) = 14*j. What is the remainder when v(-10) is divided by k(1)?
13
Let w(t) = t**3 - 2*t**2 + t. Let o be w(1). Suppose -5*v + v + 252 = o. Suppose -v = 2*d - 5*d. What is the remainder when d is divided by 11?
10
Let r(o) = o**3 - 8*o**2 - 10*o + 8. Let k be r(9). Calculate the remainder when 78 is divided by (-5*(5 + -1))/k.
18
What is the remainder when 27 is divided by (-4 + 2)/4 - 33/(-6)?
2
Let f(y) = 2*y**3 - 5*y**2 - 3*y + 7. What is the remainder when 12 is divided by f(3)?
5
Let p = 144 + -115. Calculate the remainder when p is divided by 18.
11
Let w(t) = 2*t**3 - 3*t - 3. Calculate the remainder when w(3) is divided by 15.
12
Calculate the remainder when (4 - 2)*-1*-12 is divided by 13.
11
Suppose d - 6 - 45 = 0. What is the remainder when d is divided by 13?
12
Let o(f) be the first derivative of -15*f**2/2 + f - 2. Calculate the remainder when 62 is divided by o(-1).
14
Suppose 5*z = -2*v + 58, -4*z - 3*v = -28 - 17. Let j = z + -6. What is the remainder when 0 + (11 - 0/(-2)) is divided by j?
5
Suppose -111 = 5*v - 486. Calculate the remainder when v is divided by 38.
37
Let p = 42 - 18. Let r = p + -4. Calculate the remainder when r is divided by 7.
6
Suppose q - 19 - 10 = 0. Suppose -5*f + 5*r = -0*f - 10, 2*r = 3*f - 4. Suppose 5*p - 53 + 3 = f. What is the remainder when q is divided by p?
9
Let j = -7 + 21. What is the remainder when j is divided by 8?
6
Let d(y) = 5*y**2 - 7*y - 19. Calculate the remainder when d(-3) is divided by 16.
15
Let d(t) = t - 1. Let q be d(1). Suppose 4*y - 4*s - 179 + 47 = q, -5*s = -3*y + 103. Calculate the remainder when y is divided by 8.
7
Let x = -30 - -44. Let d(a) = 3*a + 4. Let j be d(9). Suppose v + 4*t = j, -v + 18 = 3*t - x. What is the remainder when v is divided by 9?
8
Let p(s) = -s**3 + 4*s**2 + 7*s - 6. Let a be p(5). Let z = a + 4. Suppose z = 2*i - 0. What is the remainder when 7 is divided by i?
3
Let o = 5 - 1. Suppose -4*r + r - o*y = -30, -4*r + 27 = y. Suppose -8 + 0 = -2*p. What is the remainder when r is divided by p?
2
Suppose o + 36 = 7*o. Let t(a) = 5*a**2 + 2*a - 3. Calculate the remainder when t(2) is divided by o.
3
Let t(a) = a + 3. Let o be t(-5). Let f be 34/(-8)*o*-2. Let c = f - -31. What is the remainder when c is divided by 8?
6
Suppose -5*x + 68 = -142. Suppose -z + 4*z = 3*n + x, -5*n - 56 = -4*z. Calculate the remainder when 26 is divided by z.
12
Let i(v) = -27*v**3 + v**2 + v. Let n be i(-1). Suppose 3 = -2*f + n. What is the remainder when 23 is divided by f?
11
What is the remainder when 70 is divided by (-1 + 19)*(154/21 + -7)?
4
Suppose -r - 5*y + 0 - 1 = 0, -2*y = 5*r + 5. Let t = r - -10. What is the remainder when 17 is divided by t?
8
Let u = 2 + 7. Calculate the remainder when 26 is divided by u.
8
Let q(b) = -b + 5. Suppose -4*z - 6*u + 20 = -3*u, 25 = 5*z + u. Suppose -z*c = 3*y + 2*y - 90, 16 = 2*y - 2*c. What is the remainder when y is divided by q(0)?
3
Let j = 255 + -245. Let x = 335 + -97. Suppose -5*s = 5*n + 23 - x, -s + n = -35. What is the remainder when s is divided by j?
9
Suppose 5*u + 4*i - 13 = 20, i + 21 = 2*u. What is the remainder when 25 is divided by u?
7
Let q(i) = -i**2 + 2*i + 1. Let r be q(4). What is the remainder when 15 is divided by (-55)/r + (-4)/(-28)?
7
Let c(k) = k + 2. Let f(g) = -g**3 - 1. Let z(b) = -c(b) - 2*f(b). Let p be z(-1). What is the remainder when 22 is divided by 2/((-1)/4*p)?
6
Suppose -12 = -6*y + 3*y. Suppose q + 3*q - 126 = -2*p, -2*q + p + 61 = 0. Suppose -5*j + 24 + q = 0. What is the remainder when j is divided by y?
3
Let s be (-7)/21 - (-859)/3. Suppose -5*r - x + 294 = 0, 5*r = -0*r + x + s. What is the remainder when r is divided by 20?
18
Let r be 4/3 - 10/(-15). Suppose 3*u = 3*t + 12, r*t + 8 = -3*u + t. Calculate the remainder when 11 is divided by u + 3 + -3 - -5.
3
Suppose -2*u + 8 = -10. Suppose 0 = 3*t - 28 - 23. Calculate the remainder when t is divided by u.
8
Let y be (-21 - 0)/((45/6)/5). Let i = -15 + 11. Let f = i - y. Calculate the remainder when 19 is divided by f.
9
Suppose -6*w - 54 = -3*w. Let d = -29 - -42. Calculate the remainder when w/(-1)*(-8)/(-6) is divided by d.
11
What is the remainder when 7 is divided by (-60)/30 + 7 + -1?
3
Let n be (-8)/10*(-15)/6. Suppose t = -n*t + 21. What is the remainder when t is divided by 3?
1
Let r(n) = n**3 - 6*n**2 + 12. Calculate the remainder when 22 is divided by r(6).
10
Let u(l) = -2*l**2 + 4*l + 3. Let f be u(6). Calculate the remainder when 53 is divided by (2 - (-36)/(-15))*f.
17
Suppose 0 = -2*h - 0*h, 0 = -5*o + 2*h - 50. Let c = -6 - o. Calculate the remainder when 5 is divided by c.
1
Let m = -31 - -42. Calculate the remainder when 20 is divided by m.
9
Suppose 0 = -3*i - 5*u + 53, 3*i + u - 43 - 18 = 0. What is the remainder when i is divided by 4?
1
What is the remainder when 28 is divided by (2*-3)/(3/(-4))?
4
Let p be (2/(-4))/((-3)/(-30)). Calculate the remainder when 50 is divided by (3 + p)*1 - -19.
16
Suppose -3*z = -4 - 5. Suppose 2*s + 33 = z*k, k = -k - 5*s + 3. Calculate the remainder when 34 is divided by k.
7
Suppose -4*h - 2*u + 242 = 0, 6*u = 3*u + 9. Suppose 16 + h = 3*d. Calculate the remainder when (-87)/(-5) - 10/d is divided by 9.
8
Let s(c) = c + 14. Let b be s(-9). Suppose -3*v - 17 = -b*h + 3, 2*h - 2*v = 4. Calculate the remainder when 12 is divided by h.
5
Suppose -3*w = p - 0*p - 33, -4*p = -5*w + 72. What is the remainder when 46 is divided by w?
10
Let t(r) = 14*r**3 - 3*r**2 - 2*r + 5. Calculate the remainder when t(2) is divided by 17.
16
Suppose 5*z - 25 = -5*c, -49 = -2*z + 4*c - 9. Calculate the remainder when 2/8 - 75/(-4) is divided by z.
9
Let j(r) = -2*r - 8. Calculate the remainder when 87 is divided by j(-26).
43
Let n = 39 - 11. What is the remainder when 83 is divided by n?
27
Suppose 0 = z + z - 24. What is the remainder when 106 is divided by z?
10
Suppose -3*y + 5*h + 43 = 6, -4*y + 72 = -h. Let t(a) = a + 4. Let b = 5 + -2. What is the remainder when y is divided by t(b)?
5
Let r be 2/(-7) + (-810)/(-42). Let t = -6 + r. Calculate the remainder when 63 is divided by t.
11
Let i(p) = -p**3 - 6*p**2 - 4*p + 4. Let t be i(-5). Let v be (t - -3) + (0 - 6). Let k = 3 - v. Calculate the remainder when 19 is divided by k.
5
Suppose n + 28 = 2*y, -4*n + 14 = y + n. Calculate the remainder when 27 is divided by y.
13
Suppose a + 0*a = 0. Suppose -156 = -w - a*w. Suppose 0 = -5*f + x + w, -2*f - 2*f - 5*x = -119. Calculate the remainder when f is divided by 11.
9
Let x(j) = j**2 + 8*j. Let k be x(-8). Suppose k = -i + 19 - 8. Calculate the remainder when 21 is divided by i.
10
Suppose 11 = 5*c - 4*c. What is the remainder when c is divided by 4?
3
Suppose -5*s - w + 76 = w, -5*w = -15. Let c = 47 - 27. Suppose d = 6*d + 5*p - c, -2*d - p + 9 = 0. What is the remainder when s is divided by d?
4
Suppose 4*w - 24 - 56 = 0. Let j = 33 + -26. Calculate the remainder when w is divided by j.
6
Let s(p) = p**3 + 13*p**2 + p + 15. Let v be s(-13). Suppose -b = 5*w + v, 5*w + 61 - 5 = 2*b. Calculate the remainder when b is divided by 7.
4
Suppose k = -5*u + 172, 2*u - 4*k - 61 + 1 = 0. Suppose 5*h - 5*v = -5 - 10, 3*v = -5*h + 1. What is the remainder when u is divided by (2 - h)/(7/21)?
7
Suppose -140 = 4*d - 14*d. Calculate the remainder when d is divided by 5.
4
Let o = -11 - -9. Let q = o - -18. What is the remainder when 31 is divided by q?
15
Let c = 1